n 21889 is divided by 260?
49
What is the remainder when 3001023 is divided by 416?
415
What is the remainder when 733730 is divided by 91?
88
What is the remainder when 253999 is divided by 241?
226
Calculate the remainder when 38623 is divided by 9563.
371
Calculate the remainder when 449280 is divided by 5224.
16
What is the remainder when 35698 is divided by 65?
13
Calculate the remainder when 2394909 is divided by 619.
617
Calculate the remainder when 19080 is divided by 6247.
339
Calculate the remainder when 17400 is divided by 231.
75
What is the remainder when 13580 is divided by 2262?
8
Calculate the remainder when 194183 is divided by 48544.
7
What is the remainder when 36050 is divided by 17?
10
What is the remainder when 3687 is divided by 33?
24
What is the remainder when 26058 is divided by 8672?
42
Calculate the remainder when 214902 is divided by 42978.
12
Calculate the remainder when 11375 is divided by 303.
164
Calculate the remainder when 100357 is divided by 160.
37
What is the remainder when 5559 is divided by 119?
85
What is the remainder when 6164 is divided by 187?
180
Calculate the remainder when 13505 is divided by 3375.
5
Calculate the remainder when 697 is divided by 39.
34
What is the remainder when 2875595 is divided by 419?
417
What is the remainder when 802252 is divided by 92?
12
Calculate the remainder when 2641 is divided by 573.
349
What is the remainder when 25743 is divided by 155?
13
What is the remainder when 91320 is divided by 617?
4
Calculate the remainder when 61632 is divided by 30816.
0
What is the remainder when 3629 is divided by 10?
9
Calculate the remainder when 198638 is divided by 50.
38
What is the remainder when 2366 is divided by 82?
70
What is the remainder when 153213 is divided by 628?
609
Calculate the remainder when 10559 is divided by 82.
63
What is the remainder when 23875 is divided by 281?
271
Calculate the remainder when 5710 is divided by 12.
10
What is the remainder when 9706 is divided by 19?
16
What is the remainder when 53381 is divided by 26?
3
Calculate the remainder when 1561 is divided by 746.
69
Calculate the remainder when 230357 is divided by 22.
17
Calculate the remainder when 1383924 is divided by 2243.
2236
Calculate the remainder when 125018 is divided by 723.
662
Calculate the remainder when 35440 is divided by 99.
97
What is the remainder when 95746 is divided by 99?
13
Calculate the remainder when 4901 is divided by 1195.
121
What is the remainder when 555 is divided by 369?
186
Calculate the remainder when 5956 is divided by 457.
15
What is the remainder when 7372 is divided by 255?
232
Calculate the remainder when 15203 is divided by 7.
6
Calculate the remainder when 3322 is divided by 1007.
301
What is the remainder when 16939 is divided by 129?
40
Calculate the remainder when 43289 is divided by 412.
29
Calculate the remainder when 103378 is divided by 6.
4
What is the remainder when 5857055 is divided by 27?
26
What is the remainder when 2232 is divided by 723?
63
What is the remainder when 20654 is divided by 22?
18
What is the remainder when 3280 is divided by 331?
301
Calculate the remainder when 116704 is divided by 1144.
16
What is the remainder when 704614 is divided by 95?
94
Calculate the remainder when 9456 is divided by 166.
160
What is the remainder when 7623839 is divided by 8?
7
What is the remainder when 8674 is divided by 42?
22
What is the remainder when 342 is divided by 49?
48
Calculate the remainder when 47389 is divided by 159.
7
What is the remainder when 100556 is divided by 20?
16
What is the remainder when 7786 is divided by 1792?
618
Calculate the remainder when 2480 is divided by 401.
74
Calculate the remainder when 132344 is divided by 153.
152
What is the remainder when 741240 is divided by 73?
71
What is the remainder when 5436 is divided by 1805?
21
What is the remainder when 761432 is divided by 1?
0
What is the remainder when 20518 is divided by 10113?
292
What is the remainder when 290235 is divided by 13192?
11
What is the remainder when 23866 is divided by 41?
4
Calculate the remainder when 2977 is divided by 155.
32
What is the remainder when 1727 is divided by 79?
68
Calculate the remainder when 4793 is divided by 477.
23
What is the remainder when 13695 is divided by 90?
15
What is the remainder when 9666 is divided by 1921?
61
What is the remainder when 7097 is divided by 473?
2
What is the remainder when 33620 is divided by 16803?
14
What is the remainder when 4655 is divided by 17?
14
Calculate the remainder when 622882 is divided by 5.
2
What is the remainder when 35362 is divided by 2?
0
What is the remainder when 41310 is divided by 454?
450
What is the remainder when 39089 is divided by 12956?
221
Calculate the remainder when 53730 is divided by 17826.
252
What is the remainder when 49522 is divided by 24752?
18
What is the remainder when 59800 is divided by 32?
24
Calculate the remainder when 221 is divided by 43.
6
Calculate the remainder when 12453 is divided by 570.
483
What is the remainder when 3484 is divided by 681?
79
Calculate the remainder when 18845 is divided by 3138.
17
Calculate the remainder when 3169 is divided by 368.
225
Calculate the remainder when 337271 is divided by 160.
151
What is the remainder when 70599 is divided by 21?
18
What is the remainder when 260108 is divided by 111?
35
Calculate the remainder when 39779 is divided by 1136.
19
What is the remainder when 8642 is divided by 82?
32
What is the remainder when 3369 is divided by 830?
49
Calculate the remainder when 39311 is divided by 13101.
8
Calculate the remainder when 97864 is divided by 27.
16
Calculate the remainder when 116190 is divided by 29042.
22
Calculate the remainder when 10073 is divided by 8701.
1372
What is the remainder when 3342 is divided by 409?
70
What is the remainder when 7118 is divided by 264?
254
Calculate the remainder when 7085 is divided by 506.
1
Calculate the remainder when 10224 is divided by 1454.
46
Calculate the remainder when 5740 is divided by 17.
11
Calculate the remainder when 59072 is divided by 29533.
6
What is the remainder when 5728 is divided by 26?
8
What is the remainder when 34787 is divided by 915?
17
Calculate the remainder when 1538 is divided by 241.
92
What is the remainder when 3703 is divided by 529?
0
Calculate the remainder when 560 is divided by 249.
62
Calculate the remainder when 11756 is divided by 48.
44
Calculate the remainder when 65981 is divided by 83.
79
Calculate the remainder when 49191 is divided by 14.
9
Calculate the remainder when 20672 is divided by 20662.
10
Calculate the remainder when 1651 is divided by 64.
51
What is the remainder when 53959 is divided by 9?
4
What is the remainder when 7881 is divided by 84?
69
What is the remainder when 3919 is divided by 53?
50
Calculate the remainder when 18649 is divided by 301.
288
What is the remainder when 35829 is divided by 29?
14
Calculate the remainder when 660 is divided by 195.
75
What is the remainder when 218994 is divided by 584?
578
Calculate the remainder when 2637 is divided by 71.
10
Calculate the remainder when 450311 is divided by 1693.
1666
What is the remainder when 10543 is divided by 105?
43
What is the remainder when 12010 is divided by 37?
22
Calculate the remainder when 950206 is divided by 10.
6
Calculate the remainder when 4834 is divided by 151.
2
Calculate the remainder when 738 is divided by 357.
24
Calculate the remainder when 12931 is divided by 264.
259
What is the remainder when 128890 is divided by 12?
10
Calculate the remainder when 54579 is divided by 2409.
1581
What is the remainder when 33500 is divided by 200?
100
Calculate the remainder when 29982 is divided by 14959.
64
What is the remainder when 5397 is divided by 165?
117
What is the remainder when 354698 is divided by 17734?
18
Calculate the remainder when 109954 is divided by 231.
229
What is the remainder when 9642 is divided by 15?
12
Calculate the remainder when 31914 is divided by 142.
106
What is the remainder when 200436 is divided by 4090?
26
What is the remainder when 1497617 is divided by 53?
49
Calculate the remainder when 1147033 is divided by 44.
41
What is the remainder when 227020 is divided by 482?
480